{"id":6,"date":"2024-07-23T21:42:57","date_gmt":"2024-07-23T19:42:57","guid":{"rendered":"http:\/\/ewa.szymeczko.com\/?page_id=6"},"modified":"2025-11-25T07:49:24","modified_gmt":"2025-11-25T06:49:24","slug":"strona-glowna","status":"publish","type":"page","link":"https:\/\/ewa.szymeczko.com\/","title":{"rendered":"Strona g\u0142\u00f3wna"},"content":{"rendered":"\r\n<p align=\"JUSTIFY\">Oferuj\u0119 pomoc psychologiczn\u0105 i wsparcie psychologiczne w kryzysach \u017cyciowych, partnerskich, zawodowych, motywacyjnych, psychoedukacj\u0119, pomoc w obszarze zaburze\u0144 nastroju, l\u0119kowych, od\u017cywiania, stresu, stresu pourazowego oraz z\u0142o\u017conego stresu pourazowego, niskiej samooceny oraz wsparcie w szczeg\u00f3lnym rodzaju kryzysu, jakim jest \u017ca\u0142oba. Pracuj\u0119 z m\u0142odzie\u017c\u0105 od 13 r.\u017c., osobami doros\u0142ymi oraz parami do\u015bwiadczaj\u0105cymi trudno\u015bci.<\/p>\r\n<p align=\"JUSTIFY\">Swoj\u0105 prac\u0119 poddaj\u0119 regularnej superwizji oraz interwizji.<\/p>\r\n<p align=\"JUSTIFY\">Konsultacja psychologiczna indywidualna \u2013 50 min. \u2013 cena 150 z\u0142<\/p>\r\n<p align=\"JUSTIFY\">Pomoc psychologiczna indywidualna \u2013 50 min. &#8211; cena 150 z\u0142<\/p>\r\n<p align=\"JUSTIFY\">Konsultacja psychologiczna pary \u2013 80 min. \u2013 cena 200 z\u0142<\/p>\r\n<p align=\"JUSTIFY\">Pomoc psychologiczna pary \u2013 80 min. &#8211; cena 200 z\u0142<\/p>\r\n<p align=\"JUSTIFY\">Wsp\u00f3\u0142pracuj\u0119 z Gabinetem psychologicznym betterMe dra hab. Tomasza Kruszewskiego.<\/p>\r\n<p><img loading=\"lazy\" decoding=\"async\" class=\"alignnone size-medium wp-image-35\" src=\"http:\/\/ewa.szymeczko.com\/wp-content\/uploads\/2024\/07\/psychology-2146164-300x300.png\" alt=\"\" width=\"300\" height=\"300\" srcset=\"https:\/\/ewa.szymeczko.com\/wp-content\/uploads\/2024\/07\/psychology-2146164-300x300.png 300w, https:\/\/ewa.szymeczko.com\/wp-content\/uploads\/2024\/07\/psychology-2146164-1024x1024.png 1024w, https:\/\/ewa.szymeczko.com\/wp-content\/uploads\/2024\/07\/psychology-2146164-150x150.png 150w, https:\/\/ewa.szymeczko.com\/wp-content\/uploads\/2024\/07\/psychology-2146164-768x768.png 768w, https:\/\/ewa.szymeczko.com\/wp-content\/uploads\/2024\/07\/psychology-2146164-1536x1536.png 1536w, https:\/\/ewa.szymeczko.com\/wp-content\/uploads\/2024\/07\/psychology-2146164-2048x2048.png 2048w, https:\/\/ewa.szymeczko.com\/wp-content\/uploads\/2024\/07\/psychology-2146164-100x100.png 100w\" sizes=\"auto, (max-width: 300px) 100vw, 300px\" \/><\/p>\r\n","protected":false},"excerpt":{"rendered":"<p>Oferuj\u0119 pomoc psychologiczn\u0105 i wsparcie psychologiczne w kryzysach \u017cyciowych, partnerskich, zawodowych, motywacyjnych, psychoedukacj\u0119, pomoc w obszarze zaburze\u0144 nastroju, l\u0119kowych, od\u017cywiania, stresu, stresu pourazowego oraz z\u0142o\u017conego stresu pourazowego, niskiej samooceny oraz wsparcie w szczeg\u00f3lnym rodzaju kryzysu, jakim jest \u017ca\u0142oba. Pracuj\u0119 z m\u0142odzie\u017c\u0105 od 13 r.\u017c., osobami doros\u0142ymi oraz parami do\u015bwiadczaj\u0105cymi trudno\u015bci. Swoj\u0105 prac\u0119 poddaj\u0119 regularnej superwizji &hellip; <\/p>\n<p class=\"link-more\"><a href=\"https:\/\/ewa.szymeczko.com\/\" class=\"more-link\">Continue reading<span class=\"screen-reader-text\"> &#8220;Strona g\u0142\u00f3wna&#8221;<\/span><\/a><\/p>\n","protected":false},"author":1,"featured_media":0,"parent":0,"menu_order":1,"comment_status":"closed","ping_status":"closed","template":"","meta":{"footnotes":""},"class_list":["post-6","page","type-page","status-publish","hentry"],"_links":{"self":[{"href":"https:\/\/ewa.szymeczko.com\/index.php?rest_route=\/wp\/v2\/pages\/6","targetHints":{"allow":["GET"]}}],"collection":[{"href":"https:\/\/ewa.szymeczko.com\/index.php?rest_route=\/wp\/v2\/pages"}],"about":[{"href":"https:\/\/ewa.szymeczko.com\/index.php?rest_route=\/wp\/v2\/types\/page"}],"author":[{"embeddable":true,"href":"https:\/\/ewa.szymeczko.com\/index.php?rest_route=\/wp\/v2\/users\/1"}],"replies":[{"embeddable":true,"href":"https:\/\/ewa.szymeczko.com\/index.php?rest_route=%2Fwp%2Fv2%2Fcomments&post=6"}],"version-history":[{"count":6,"href":"https:\/\/ewa.szymeczko.com\/index.php?rest_route=\/wp\/v2\/pages\/6\/revisions"}],"predecessor-version":[{"id":230,"href":"https:\/\/ewa.szymeczko.com\/index.php?rest_route=\/wp\/v2\/pages\/6\/revisions\/230"}],"wp:attachment":[{"href":"https:\/\/ewa.szymeczko.com\/index.php?rest_route=%2Fwp%2Fv2%2Fmedia&parent=6"}],"curies":[{"name":"wp","href":"https:\/\/api.w.org\/{rel}","templated":true}]}}